{"id":3,"date":"2010-01-04T20:54:14","date_gmt":"2010-01-04T19:54:14","guid":{"rendered":"https:\/\/shinsonhapkido-erbach.de\/?page_id=3"},"modified":"2012-11-04T19:51:29","modified_gmt":"2012-11-04T18:51:29","slug":"grundlagen","status":"publish","type":"page","link":"https:\/\/shinsonhapkido-erbach.de\/?page_id=3","title":{"rendered":"Grundlagen"},"content":{"rendered":"<h4>Shinson Hapkido<\/h4>\n<p>Der Name bedeutet: In Gemeinschaft mit anderen Menschen einen Weg zur Harmonie der Kr\u00e4fte und zu einem Leben im Einklang von Mensch und Natur zu gehen.<br \/>\nSHINSON HAPKIDO ist nicht als geheimnisvolle, asiatische Kampfkunst gedacht, sondern als eine einfache Hilfe im normalen Leben und f\u00fcr den Alltag.<\/p>\n<p>\n<b>Leben ist Bewegung<\/b>\n<\/p>\n<p>Unter Bewegung versteht man im Shin Son Hap Ki Do aber nicht nur die sportliche Bet\u00e4tigung sondern das harmonische Zusammenwirken von K\u00f6rper, Lebenskraft, Herz und Geist.<\/p>\n<p>Der Unterschied zu anderen Sportarten besteht vor allem darin, da\u00df nicht die k\u00f6rperliche Kraft und Leistung im Vordergrund steht, sondern die Ausbildung der Menschlichkeit und der Gemeinschaft. Dieses Training ist f\u00fcr Menschen jeden Alters geeignet &#8211; wobei wir besonders den &#132;schwachen&#147; die Hand reichen und ihnen helfen wollen, Selbstvertrauen und Freude am Leben zu gewinnen.<\/p>\n<p><img loading=\"lazy\" decoding=\"async\" src=\"https:\/\/shinsonhapkido-erbach.de\/wp-content\/uploads\/2012\/11\/Bild1.jpg\" alt=\"Bild1\" title=\"Bild1\" width=\"300\" height=\"194\" class=\"aligncenter size-medium wp-image-81\" \/><\/p>\n<p>Shin Son Hap Ki Do lehrt eine Vielzahl von Techniken wie Meditation, Atemtechniken, \u00dcbungen zur Ausbildung einer gesunden K\u00f6rperhaltung, Hand und Fu\u00dftechniken, Fallschule sowie innere und \u00e4u\u00dfere Selbstverteidigungstechniken.<\/p>\n<p><img loading=\"lazy\" decoding=\"async\" src=\"https:\/\/shinsonhapkido-erbach.de\/wp-content\/uploads\/2012\/11\/HPIM1243.jpg\" alt=\"HPIM1243\" title=\"HPIM1243\" width=\"300\" height=\"225\" class=\"aligncenter size-medium wp-image-74\" \/><\/p>\n<p><img loading=\"lazy\" decoding=\"async\" src=\"https:\/\/shinsonhapkido-erbach.de\/wp-content\/uploads\/2012\/11\/HPIM1245.jpg\" alt=\"HPIM1245\" title=\"HPIM1245\" width=\"300\" height=\"225\" class=\"aligncenter size-medium wp-image-77\" \/><\/p>\n<p>Der K\u00f6rper soll ausgewogen und auf nat\u00fcrliche Weise gest\u00e4rkt und ausgebildet werden.<\/p>\n<p>Diese Techniken zu lernen und zu verstehen bedeutet, K\u00f6rper und Geist zu trainieren und dabei sich selbst respektieren zu lernen. Erst dann ist es m\u00f6glich, auch andere Menschen und die Natur zu lieben und zu respektieren. Das ist die wichtigste Motivation unseres Trainings.<\/p>\n<p><img loading=\"lazy\" decoding=\"async\" src=\"https:\/\/shinsonhapkido-erbach.de\/wp-content\/uploads\/2012\/11\/HPIM1263.jpg\" alt=\"HPIM1263\" title=\"HPIM1263\" width=\"300\" height=\"225\" class=\"aligncenter size-medium wp-image-79\" \/><\/p>\n","protected":false},"excerpt":{"rendered":"<p>Shinson Hapkido Der Name bedeutet: In Gemeinschaft mit anderen Menschen einen Weg zur Harmonie der Kr\u00e4fte und zu einem Leben im Einklang [&hellip;]<\/p>\n","protected":false},"author":86,"featured_media":0,"parent":0,"menu_order":2,"comment_status":"closed","ping_status":"closed","template":"","meta":{"footnotes":""},"class_list":["post-3","page","type-page","status-publish","hentry"],"_links":{"self":[{"href":"https:\/\/shinsonhapkido-erbach.de\/index.php?rest_route=\/wp\/v2\/pages\/3","targetHints":{"allow":["GET"]}}],"collection":[{"href":"https:\/\/shinsonhapkido-erbach.de\/index.php?rest_route=\/wp\/v2\/pages"}],"about":[{"href":"https:\/\/shinsonhapkido-erbach.de\/index.php?rest_route=\/wp\/v2\/types\/page"}],"author":[{"embeddable":true,"href":"https:\/\/shinsonhapkido-erbach.de\/index.php?rest_route=\/wp\/v2\/users\/86"}],"replies":[{"embeddable":true,"href":"https:\/\/shinsonhapkido-erbach.de\/index.php?rest_route=%2Fwp%2Fv2%2Fcomments&post=3"}],"version-history":[{"count":13,"href":"https:\/\/shinsonhapkido-erbach.de\/index.php?rest_route=\/wp\/v2\/pages\/3\/revisions"}],"predecessor-version":[{"id":650,"href":"https:\/\/shinsonhapkido-erbach.de\/index.php?rest_route=\/wp\/v2\/pages\/3\/revisions\/650"}],"wp:attachment":[{"href":"https:\/\/shinsonhapkido-erbach.de\/index.php?rest_route=%2Fwp%2Fv2%2Fmedia&parent=3"}],"curies":[{"name":"wp","href":"https:\/\/api.w.org\/{rel}","templated":true}]}}