{"id":5,"date":"2010-01-04T21:00:02","date_gmt":"2010-01-04T20:00:02","guid":{"rendered":"https:\/\/shinsonhapkido-erbach.de\/?page_id=5"},"modified":"2026-02-17T19:49:28","modified_gmt":"2026-02-17T18:49:28","slug":"aktuelles","status":"publish","type":"page","link":"https:\/\/shinsonhapkido-erbach.de\/","title":{"rendered":"Aktuelles"},"content":{"rendered":"<h4>Trainingszeiten im ersten Halbjahr 2026<\/h4>\n<p>Die Trainingszeiten sind:<br \/>\nMontag<br \/>\n16:15 &#8211; 17:15 Kindertraining f\u00fcr Anf\u00e4nger (ab 6 Jahren)<br \/>\n17:15 &#8211; 18:15 Kinder und Jugendliche ab Gelbg\u00fcrtel<br \/>\n18:30 &#8211; 19:30 KiDoIn (Shinson Hapkido Gymnastik)<br \/>\nDonnerstag<br \/>\n20:15 &#8211; 21:30 Gemeinschaftstraining (Anf\u00e4nger und alle G\u00fcrtelstufen ab 14 Jahren)<\/p>\n<p>Neue Gesichter sind immer willkommen, kommt und probiert es aus!<br \/>\nEin vierw\u00f6chiges kostenloses Probetraining ist jederzeit m\u00f6glich. Wir freuen uns immer auf Menschen, die Spa\u00df an der Bewegung haben.<\/p>\n<h4>Shinson Hapkido Jahresmotto<\/h4>\n<p><img decoding=\"async\" src=\"https:\/\/shinsonhapkido-erbach.de\/wp-content\/uploads\/2026\/02\/2026_Jahresmotto.png\" alt=\"Jahresmotto\" style=\"border:1px solid black\"\/><\/p>\n<h4>Kampfkunsttraining ist gut f\u00fcr F\u00fchrungskr\u00e4fte<\/h4>\n<p><a href=\"http:\/\/www.zeit.de\/karriere\/2016-11\/kampfkunst-fuehrung-karriere-frauen-vorteil\">Hier<\/a> k\u00f6nnt ihr euch informieren.<\/p>\n","protected":false},"excerpt":{"rendered":"<p>Trainingszeiten im ersten Halbjahr 2026 Die Trainingszeiten sind: Montag 16:15 &#8211; 17:15 Kindertraining f\u00fcr Anf\u00e4nger (ab 6 Jahren) 17:15 &#8211; 18:15 Kinder [&hellip;]<\/p>\n","protected":false},"author":86,"featured_media":0,"parent":0,"menu_order":0,"comment_status":"closed","ping_status":"closed","template":"","meta":{"footnotes":""},"class_list":["post-5","page","type-page","status-publish","hentry"],"_links":{"self":[{"href":"https:\/\/shinsonhapkido-erbach.de\/index.php?rest_route=\/wp\/v2\/pages\/5","targetHints":{"allow":["GET"]}}],"collection":[{"href":"https:\/\/shinsonhapkido-erbach.de\/index.php?rest_route=\/wp\/v2\/pages"}],"about":[{"href":"https:\/\/shinsonhapkido-erbach.de\/index.php?rest_route=\/wp\/v2\/types\/page"}],"author":[{"embeddable":true,"href":"https:\/\/shinsonhapkido-erbach.de\/index.php?rest_route=\/wp\/v2\/users\/86"}],"replies":[{"embeddable":true,"href":"https:\/\/shinsonhapkido-erbach.de\/index.php?rest_route=%2Fwp%2Fv2%2Fcomments&post=5"}],"version-history":[{"count":349,"href":"https:\/\/shinsonhapkido-erbach.de\/index.php?rest_route=\/wp\/v2\/pages\/5\/revisions"}],"predecessor-version":[{"id":2061,"href":"https:\/\/shinsonhapkido-erbach.de\/index.php?rest_route=\/wp\/v2\/pages\/5\/revisions\/2061"}],"wp:attachment":[{"href":"https:\/\/shinsonhapkido-erbach.de\/index.php?rest_route=%2Fwp%2Fv2%2Fmedia&parent=5"}],"curies":[{"name":"wp","href":"https:\/\/api.w.org\/{rel}","templated":true}]}}